e
Let c be 1 - (1 - 0/3). Suppose -f + 3*s + 151 = c, -2*s + 334 = 4*f - 2*f. Is f prime?
True
Suppose 4*l - 5*l + 4*t = 16, -3*t = -12. Suppose 4*s - 7 + 48 = 3*a, 5*a - 3*s - 83 = l. Is a a prime number?
True
Let a(x) = 33*x**2 + 11*x + 5. Is a(6) a composite number?
False
Let w be 0 + 3 + -4 - -78. Suppose -154 = -3*c + w. Is c a composite number?
True
Let a(q) = -583*q - 2. Let l be a(3). Let k = l - -2718. Is k composite?
False
Suppose 3*d = -2*q - 3 + 2, -4*q = -2*d + 26. Suppose -8*f + 1475 = -d*f. Is f a composite number?
True
Let w = 99 - 69. Let d be w/(-2)*(-10)/25. Let x = d + -3. Is x a prime number?
True
Suppose 0 = -0*w + 5*w. Suppose 0 = -2*i - 4*l + 1714, -5*l + l - 12 = w. Is i prime?
True
Suppose -3*b + 12 = -0*b. Suppose -s - u + 20 = 2*u, -s = -b*u - 55. Is s a composite number?
True
Let p(i) = -2*i**3 - 12*i**2 + 12*i - 7. Is p(-9) prime?
False
Let p = 309 - 509. Let o = 57 - p. Is o composite?
False
Let f(l) = -l + 21. Let m be f(21). Suppose 0*a = a - 11. Is -5*(m - a) + -2 prime?
True
Let f be (-2)/(-3) - 158/(-6). Let n = f - -60. Is n a composite number?
True
Let h = -16 + -56. Let p = 146 + h. Is p composite?
True
Let u(p) = 6*p - 1. Let s be u(1). Suppose 9 = m - s. Is m a prime number?
False
Suppose -2*f = -99 - 427. Is f composite?
False
Let o = 890 - -2313. Is o a composite number?
False
Let h be 88/6*3/2. Suppose s + 3*w + 2*w = h, 4*s + 12 = 5*w. Is ((-508)/(-6))/(s/3) composite?
False
Let a be (-24)/(-9)*(6 + -9). Is 64/a*6/(-8) prime?
False
Let n = 10 + -6. Let g(o) = 8*o + 5. Is g(n) a composite number?
False
Let t be 134*(-2 + 28/8). Let n = -38 + t. Is n a prime number?
True
Let t(d) = -76*d - 9. Let m be t(-6). Is (m/9)/(2/6) a composite number?
False
Suppose -i - n = -558, -3*n + 8*n - 5 = 0. Is i prime?
True
Let t = -2 - -5. Suppose -t*g = -30 - 225. Is g a prime number?
False
Let g(c) = -18*c + 1. Let d(y) = -35*y + 3. Let b(n) = -2*d(n) + 5*g(n). Suppose -3 = 4*t + 1. Is b(t) prime?
True
Let o be ((-13)/52)/((-1)/8). Is (69 - (-16)/(-4)) + o a prime number?
True
Let s(n) = 14*n - 9. Let h be -1 + 3/3*8. Is s(h) a composite number?
False
Let n = -6 + 4. Let t(b) = -2*b. Let p be t(n). Let o(r) = 13*r + 1. Is o(p) composite?
False
Suppose 2*m = -d + 5*d + 3266, -m = 2*d - 1629. Is m a prime number?
False
Let x(l) = -l**3 - 4*l**2 + 3*l - 5. Is x(-6) a composite number?
True
Let b(y) be the third derivative of 11*y**6/120 + y**5/15 + 2*y**3/3 + 10*y**2. Is b(3) a composite number?
False
Is ((-11)/22)/((-1)/638) prime?
False
Let i(d) = -5*d - 45. Let a(r) = -r - 9. Let z(q) = -11*a(q) + 2*i(q). Let t be z(-5). Suppose 5*j - 59 = -t. Is j prime?
True
Let p(t) = -2*t**3 + 3*t**2 - 4*t + 3. Let x be p(2). Let r(s) = s**2 + 10*s + 10. Let w be r(x). Is 10 + (-1)/(w - 0) a prime number?
False
Let l(a) = 22*a + 6. Let f be l(8). Is (-3)/(-12) + f/8 a prime number?
True
Let t(k) = 8*k - 9. Is t(4) a composite number?
False
Let q = 611 - -366. Is q prime?
True
Suppose 1876 = 2*a + 462. Is a a composite number?
True
Suppose 2 = x, 5*v + 3*x - 29 = -3. Suppose -164 = -v*r - 16. Is r a prime number?
True
Let h(t) = 2*t**3 + 5*t**2 + 3*t - 2. Let g be h(5). Is g/(-2)*5/(-10) a prime number?
True
Let d be -2*(10/4 - -1). Let m = -4 - d. Suppose -2*g + 775 = m*g. Is g a composite number?
True
Suppose -t - 5 = -3. Let d be 3 + 1/(-1)*t. Suppose 0 = -d*c - i + 334, 4*i + 66 = c + 5*i. Is c composite?
False
Let s = 7 - 4. Is (-159)/9*s/(-1) a prime number?
True
Let y(h) = 2*h**3 - 3*h**2 - h + 1. Let v be y(3). Let s(m) = -v*m - 1 + 21*m - 54*m. Is s(-1) a prime number?
False
Suppose 0 = -0*a - 2*a + 370. Is a a prime number?
False
Suppose 0 = 31*s - 30*s - 737. Is s prime?
False
Suppose -3*l = i - 498, 0 = 4*l - l - i - 492. Let u = -116 + l. Is u a composite number?
True
Let g(l) = l**3 - l**2 - 7*l - 11. Is g(6) prime?
True
Suppose 3*y - 5*m - 3 = 14, -2*y = -m - 23. Let b be (-4)/y - (-452)/14. Suppose -5*o + 107 = b. Is o a prime number?
False
Let x be (-21)/(-49) + 144/7. Let z = 6 + -8. Is z/(-1) - (-2 - x) prime?
False
Let h(y) be the first derivative of -y**4/4 - 2*y**3 + 3*y**2 - 6*y - 2. Let c be h(4). Is 1/(-5) + c/(-10) composite?
True
Is (-1)/(-2) - (589/(-2) - -4) prime?
False
Suppose -h + 5*u - 20 = 0, -2*h - 15 = u + 47. Is (0 - h) + (-9)/(-3) composite?
True
Suppose -z + 2 - 1 = 0. Let l be (z/(-1) + -1)/1. Is l + (-4)/((-8)/70) a composite number?
True
Let n(m) = m - 2*m + 0*m + 50*m**2. Suppose 2*o + 2*o + 4 = 0. Is n(o) a prime number?
False
Suppose s - 21 = -0*s. Suppose -4*a + 55 = -s. Is a a composite number?
False
Let z be 1 - (1 + (-1 - 2)). Let r(h) = h**2 + 2*h + 9. Let v be r(-7). Suppose 2*g - 3*d = z + v, -3*g + 74 = -d. Is g a prime number?
False
Suppose k = 248 - 11. Is k a composite number?
True
Let l = 17 - 14. Suppose l*t - 882 - 789 = 0. Is t prime?
True
Suppose -9*p + 4*p = -195. Let k = p + -4. Is k a composite number?
True
Suppose 4*g = 4*v + 172, 5 = 3*g - 1. Let i(l) = -l - 11. Let a be i(9). Let m = a - v. Is m a prime number?
False
Suppose a + a + 16 = 0. Let u be (-18)/8*a/3. Suppose 0 = -3*p + u, -2*z = 3*z - 4*p - 97. Is z composite?
True
Suppose v + 0*v + 43 = 4*i, 31 = 4*i + 3*v. Suppose 4*q + 135 = -q + 2*k, -q - 2*k - 15 = 0. Is (q/i)/((-1)/22) a prime number?
False
Let j(d) = -11 + 16*d + 3*d**2 - 4*d**2 + 0*d**2 - 7*d. Let r be j(8). Is 7/(r*(-2)/42) a prime number?
False
Let h(d) = -3*d**3 - 5*d**2 + 4*d + 439. Let i(u) = u**3 + u**2 - u - 1. Let o(r) = h(r) + 4*i(r). Let w be o(0). Suppose w = 5*k - 360. Is k a prime number?
False
Suppose -7 - 18 = -5*d. Let c be (-3)/(-9) - d/(-3). Suppose 4*f - 307 = b + 2*b, -f = -c*b - 73. Is f prime?
True
Suppose 14 = -2*b - 4. Let g(n) = -n**3 - 10*n**2 - 12*n + 4. Is g(b) a prime number?
True
Let c = -6 - -9. Suppose 139 - 37 = c*z - f, 5*z + 3*f - 156 = 0. Is z a prime number?
False
Is -1 - 0 - (5 + (7 - 131)) a composite number?
True
Suppose -3 = j + 2*d + d, 3*j + 5*d = -5. Suppose j*a = -a + 10. Is a a prime number?
False
Let x(u) = u**2 - 2*u + 2. Let q be x(2). Let w(b) = 133 + 2*b - 4*b**2 + 3*b**q - b + 0*b. Is w(0) a prime number?
False
Let d(n) = n**3 + 7*n**2 - 4*n + 5. Let i be d(-5). Let s be 27 - ((-40)/4)/5. Let w = i - s. Is w a composite number?
True
Let u(b) = -18*b + 5. Let a(f) = f**3 - 8*f**2 - 10*f + 2. Let l be a(9). Is u(l) prime?
True
Let l(m) = -m**2 - 4*m - 7. Let y(u) = u**2 - u + 1. Let i(q) = l(q) + 5*y(q). Is i(7) a composite number?
False
Suppose -10*v + 3128 = 438. Is v prime?
True
Let n(y) = -5*y + 6 + 3*y + 9*y. Let z = 4 - -3. Is n(z) a prime number?
False
Let m be (-390)/(-54) - (-2)/(-9). Suppose -m*n = -3*n - 104. Is n a prime number?
False
Suppose 5*c = -4*r - 4 + 27, -3*r + 12 = 2*c. Suppose q = 3*t - c - 4, -t - q + 1 = 0. Suppose -t*n + 3*n - 19 = 0. Is n a prime number?
True
Suppose -2*a = 0, d + d - 3*a + 24 = 0. Let j = d - -7. Is (j/4)/(5/(-340)) prime?
False
Suppose 3*f - 4*f + 865 = 0. Is f a prime number?
False
Suppose 1863 + 882 = 9*j. Is j a composite number?
True
Let f(l) = 4*l**3 + 4*l**2 - 5*l + 3. Suppose 3*i - 6 = i. Let w be f(i). Suppose 5*v = w + 113. Is v prime?
False
Let t(d) = -d**2 + 10*d - 3. Let n be t(10). Let q = 90 + n. Is q a composite number?
True
Let b(a) = 23*a + 1. Let u be (-1)/(-2) - 2/(-4). Let w be b(u). Let g = w - 3. Is g a prime number?
False
Let d = 24 + -14. Suppose 3*s = 3*p - 6*p + 474, 3*s - 484 = 2*p. Suppose s + d = 2*o. Is o a composite number?
True
Suppose -7*x = -2*x + 370. Let z(o) = -o**2 + 7*o - 6. Let r be z(4). Is x/r*3/(-1) composite?
False
Let p(k) be the first derivative of -2*k**3/3 - k**2 + 2*k - 2. Let m be p(-3). Let j = 1 - m. Is j prime?
True
Is (-5)/(20/(-8)) - -665 a composite number?
True
Let v = -478 + 681. Suppose -2*g + 27 = -v. Is g a composite number?
True
Suppose -4*y + 319 + 4149 = 0. Is y composite?
False
Let k = 283 + -126. Is k prime?
True
Suppose -36 = -2*u - u + 3*k, -3*u + 4 = 5*k. Let h(m) = -m**3 + 9*m**2 - 4*m - 1. Is h(u) composite?
False
Suppose 31 = -3*a - 23. Is (166/(-3))/(12/a) composite?
False
Suppose 0 = -6*f + 3*f + 192. Let g = f + -39. Is g a composite number?
True
Suppose -2*s = c - 67, -258 = -4*c - 3*s + 5*s. Suppose -3 + c = 2*x. Is x composite?
False
Suppose 4*c - 7 - 1 = 0. Suppose 1